571?
1
What is the thousands digit of 1872598?
2
What is the thousands digit of 9997799?
7
What is the tens digit of 247061?
6
What is the tens digit of 2311355?
5
What is the units digit of 1413869?
9
What is the hundreds digit of 2598944?
9
What is the millions digit of 4954176?
4
What is the tens digit of 421712?
1
What is the thousands digit of 4933428?
3
What is the hundreds digit of 2779?
7
What is the ten thousands digit of 257701?
5
What is the hundred thousands digit of 404105?
4
What is the units digit of 1499896?
6
What is the thousands digit of 186117?
6
What is the thousands digit of 3554191?
4
What is the hundreds digit of 2249673?
6
What is the hundreds digit of 621183?
1
What is the units digit of 2726946?
6
What is the hundred thousands digit of 4915400?
9
What is the units digit of 1857190?
0
What is the hundreds digit of 622813?
8
What is the thousands digit of 10515173?
5
What is the ten thousands digit of 278140?
7
What is the tens digit of 108599?
9
What is the units digit of 11831006?
6
What is the hundred thousands digit of 6577685?
5
What is the tens digit of 14070489?
8
What is the hundreds digit of 1256925?
9
What is the ten thousands digit of 1009654?
0
What is the hundreds digit of 1957787?
7
What is the units digit of 11556290?
0
What is the units digit of 11516352?
2
What is the thousands digit of 12627050?
7
What is the thousands digit of 6974372?
4
What is the tens digit of 145195?
9
What is the hundreds digit of 7920238?
2
What is the units digit of 1686967?
7
What is the thousands digit of 576041?
6
What is the hundred thousands digit of 501683?
5
What is the units digit of 259680?
0
What is the hundred thousands digit of 316784?
3
What is the ten thousands digit of 174450?
7
What is the units digit of 367133?
3
What is the tens digit of 2542666?
6
What is the tens digit of 1148309?
0
What is the millions digit of 14606525?
4
What is the ten thousands digit of 8837216?
3
What is the units digit of 909598?
8
What is the units digit of 1719162?
2
What is the units digit of 61357?
7
What is the tens digit of 625557?
5
What is the ten thousands digit of 189344?
8
What is the units digit of 2313564?
4
What is the ten thousands digit of 9545480?
4
What is the tens digit of 744133?
3
What is the hundreds digit of 798279?
2
What is the units digit of 213050?
0
What is the tens digit of 535102?
0
What is the units digit of 2670238?
8
What is the thousands digit of 214721?
4
What is the tens digit of 12159780?
8
What is the units digit of 1663527?
7
What is the hundreds digit of 222103?
1
What is the ten thousands digit of 135784?
3
What is the hundreds digit of 6874440?
4
What is the thousands digit of 291231?
1
What is the units digit of 405068?
8
What is the millions digit of 1386501?
1
What is the thousands digit of 217728?
7
What is the tens digit of 243063?
6
What is the tens digit of 1370049?
4
What is the hundred thousands digit of 5004409?
0
What is the units digit of 1872506?
6
What is the units digit of 194898?
8
What is the ten thousands digit of 8314488?
1
What is the hundred thousands digit of 22353601?
3
What is the hundreds digit of 197294?
2
What is the hundred thousands digit of 2805322?
8
What is the thousands digit of 39253766?
3
What is the units digit of 57985?
5
What is the tens digit of 20644605?
0
What is the ten thousands digit of 560936?
6
What is the ten thousands digit of 22343809?
4
What is the units digit of 260363?
3
What is the hundred thousands digit of 798893?
7
What is the hundreds digit of 216295?
2
What is the ten thousands digit of 463594?
6
What is the hundred thousands digit of 182149?
1
What is the hundred thousands digit of 463908?
4
What is the thousands digit of 742952?
2
What is the hundred thousands digit of 270362?
2
What is the units digit of 167722?
2
What is the hundreds digit of 12766430?
4
What is the thousands digit of 735009?
5
What is the thousands digit of 1775936?
5
What is the hundred thousands digit of 878807?
8
What is the hundreds digit of 942272?
2
What is the hundreds digit of 19990834?
8
What is the ten thousands digit of 2354293?
5
What is the hundreds digit of 157317?
3
What is the millions digit of 3736130?
3
What is the units digit of 490363?
3
What is the ten thousands digit of 57603?
5
What is the millions digit of 7105283?
7
What is the hundred thousands digit of 2379123?
3
What is the units digit of 28232013?
3
What is the hundred thousands digit of 290782?
2
What is the ten thousands digit of 330516?
3
What is the units digit of 75641?
1
What is the hundreds digit of 257019?
0
What is the ten thousands digit of 2613254?
1
What is the ten thousands digit of 270466?
7
What is the millions digit of 1205177?
1
What is the thousands digit of 38593358?
3
What is the ten thousands digit of 1667470?
6
What is the thousands digit of 191166?
1
What is the hundreds digit of 133774?
7
What is the thousands digit of 103355?
3
What is the ten thousands digit of 11758257?
5
What is the units digit of 255793?
3
What is the ten thousands digit of 740794?
4
What is the thousands digit of 2641438?
1
What is the hundreds digit of 442857?
8
What is the hundred thousands digit of 6422034?
4
What is the ten thousands digit of 437446?
3
What is the hundreds digit of 588130?
1
What is the tens digit of 253538?
3
What is the units digit of 862905?
5
What is the tens digit of 2609859?
5
What is the hundred thousands digit of 140513?
1
What is the ten thousands digit of 79766?
7
What is the units digit of 17888819?
9
What is the units digit of 118102?
2
What is the hundreds digit of 532093?
0
What is the units digit of 42312672?
2
What is the hundreds digit of 1527024?
0
What is the units digit of 1993711?
1
What is the ten millions digit of 11297525?
1
What is the millions digit of 1755489?
1
What is the hundreds digit of 1788975?
9
What is the ten thousands digit of 762690?
6
What is the units digit of 11899987?
7
What is the thousands digit of 446358?
6
What is the ten thousands digit of 513413?
1
What is the hundred thousands digit of 1918729?
9
What is the units digit of 125389?
9
What is the ten thousands digit of 285971?
8
What is the tens digit of 734321?
2
What is the units digit of 296982?
2
What is the thousands digit of 36722349?
2
What is the tens digit of 2820045?
4
What is the hundreds digit of 6685769?
7
What is the hundreds digit of 253783?
7
What is the millions digit of 3002261?
3
What is the tens digit of 19876131?
3
What is the thousands digit of 4000662?
0
What is the millions digit of 8016876?
8
What is the hundred thousands digit of 1461513?
4
What is the thousands digit of 1529154?
9
What is the hundred thousands digit of 6408895?
4
What is the ten thousands digit of 41589?
4
What is the ten thousands digit of 100909?
0
What is the units digit of 645309?
9
What is the tens digit of 1592582?
8
What is the thousands digit of 742161?
2
What is the thousands digit of 3701565?
1
What is the thousands digit of 3334409?
4
What is the hundreds digit of 530073?
0
What is the hundreds digit of 606390?
3
What is the ten millions digit of 12169428?
1
What is the units digit of 9124297?
7
What is the hundred thousands digit of 6311439?
3
What is the tens digit of 492197?
9
What is the units digit of 3179840?
0
What is the hundred thousands digit of 5433496?
4
What is the hundreds digit of 7686?
6
What is the hundred thousands digit of 4551371?
5
What is the ten thousands digit of 84418?
8
What is the hundred thousands digit of 6308098?
3
What is the thousands digit of 130463?
0
What is the hundred thousands digit of 1313169?
3
What is the units digit of 110332?
2
What is the tens digit of 1184536?
3
What is the ten thousands digit of 6621363?
2
What is the tens digit of 9717834?
3
What is the tens digit of 149950?
5
What is the tens digit of 3256871?
7
What is the hundred thousands digit of 606171?
6
What is the units digit of 25161989?
9
What is the ten thousands digit of 618739?
1
What is the tens digit of 5130553?
5
What is the thousands digit of 1453230?
3
What is the thousands digit of 230127?
0
What is the millions digit of 2719248?
2
What is the ten thousands digit of 225462?
2
What is the units digit of 3131044?
4
What is the thousands digit of 5628